pose 2*b + 4*z = 156, 0 = -7*b + 9*b + 2*z - 156. Calculate the greatest common divisor of b and 1677.
39
Let k be ((-14)/8)/7*-4 - 0. Let w(t) = 35*t**3 + 5*t - 4. Let y be w(k). What is the greatest common divisor of y and 54?
18
Let l(c) = 2*c**3 - 50*c**2 + 50*c - 16. Let m be l(24). What is the highest common divisor of m and 2752?
32
Let h be 1*-2 - (-6 - -2). Suppose -h*x + 32 = 2*x. Suppose d = x + 1. What is the highest common divisor of 3 and d?
3
Suppose -20*z + 12*z + 1368 = 0. Calculate the greatest common divisor of 19 and z.
19
Suppose 13 = -47*y + 718. Calculate the highest common divisor of 30 and y.
15
Suppose -12*z + 623 + 301 = 0. Calculate the greatest common divisor of z and 21.
7
Let a be 1617 + (-10)/(-11 - -21). What is the highest common factor of a and 16?
16
Suppose 12*l + 793 = -l. Let r = l - -86. Let j = -3 + 8. What is the greatest common divisor of j and r?
5
Let k = -75 - -75. Suppose -5*i + 20 = k, 3*j = -j - i + 52. What is the highest common factor of 228 and j?
12
Let m(i) = i**2 + 13*i + 27. Let k be m(-11). Suppose -k*p = -3*z + 8*z - 665, 374 = 3*p - 2*z. What is the greatest common divisor of p and 16?
16
Let z(k) = 33*k + 3. Suppose -3*b + 25 = 2*b. Let o be z(b). Suppose 3*p - 44*p + 984 = 0. Calculate the highest common divisor of p and o.
24
Let w(l) = 9*l + 66. Let s be w(31). Calculate the greatest common factor of s and 15.
15
Let o(a) = a**3 - 3*a**2 + 3*a - 7. Let y be o(3). Suppose 28 = -y*d + 6*d. Calculate the greatest common factor of 63 and d.
7
Suppose h + 3*h = -4*n + 2656, 0 = -3*h - 2*n + 1995. Calculate the highest common factor of h and 58.
29
Let t(r) = r - 8. Let c be t(6). Let d be -3*14/c + 0. Suppose -p = -2*g + d, -4*g + 0*g - p + 39 = 0. Calculate the highest common factor of 2 and g.
2
Let n be (-7*38)/((-19)/38). What is the greatest common factor of 28 and n?
28
Let h = 604 + 42. What is the highest common divisor of 38 and h?
38
Let m be -9*((-5)/3)/5. Let l = m + 5. Let o = 176 - 175. What is the greatest common factor of o and l?
1
Let z(o) = o. Let l be z(0). Let n = l - -6. Let j be (5 - -1)/(n/20). What is the highest common divisor of 30 and j?
10
Suppose -18 = -3*m + 2*o, -14 = -m + 33*o - 35*o. Suppose -2*q + 31 = -113. Calculate the highest common divisor of m and q.
8
Suppose g + 52 = 5*g. Let s = -7 + g. Let q(w) = 5*w + 27. Let f be q(-3). Calculate the highest common factor of s and f.
6
Suppose 17*z - 3373 = -381. What is the highest common factor of 16 and z?
16
Let c(l) = 10 + 0 + 0*l - l**3 - 6*l**2 + 13*l**2 + 2*l. Let k be c(7). What is the greatest common divisor of k and 12?
12
Suppose 28*s - 37*s = -27. What is the highest common divisor of 24 and s?
3
Suppose -5*d = -5*x + 95, -5*x - 111 - 34 = 5*d. Let q be (12/(-16))/(1/d). Let g = 93 - 57. What is the highest common factor of q and g?
18
Let p be (1 + 0)*1*65. Suppose 0 = -s + 3*m - 17, 2*s + 0*s + 3*m + 61 = 0. Let c be 2*3/(-12)*s. Calculate the highest common factor of c and p.
13
Suppose -12*f + 7*f - 35 = 0. Let k(s) = -2*s + 18. Let y be k(f). Calculate the greatest common factor of y and 4.
4
Let q(b) = -2*b**2 - 93*b - 37. Let s be q(-46). Calculate the greatest common divisor of s and 171.
9
Let t be ((-330)/(-18))/(6/18). What is the highest common divisor of t and 649?
11
Suppose 4*g - 66 = -4*r + 86, 0 = 3*r - 3*g - 90. Calculate the highest common factor of r and 2.
2
Let v = 8214 + -8199. Suppose -5*m + 60 - 15 = 0. Calculate the highest common divisor of v and m.
3
Let k(c) = 21*c**2 - 5*c + 25. Let d be k(4). Suppose 15*q = 4*q + d. Calculate the highest common factor of q and 31.
31
Let b(y) = -y - 24. Let h be b(-17). Let m(v) = -v**3 - 5*v**2 + 13*v + 2. Let z be m(h). Calculate the greatest common factor of 3 and z.
3
Let t(i) = i**3 + 2*i**2 - 3*i + 3. Let w be t(-3). Calculate the greatest common factor of w and 24.
3
Let x be 30/9*(-27)/(-5). Let k be (-2)/7 + (-130)/35. Let q be 1/k - 49/(-4). What is the greatest common divisor of x and q?
6
Suppose -h + 320 = 3*h. Let o(c) = -c**2 - 10*c - 14. Let k be o(-4). What is the highest common divisor of h and k?
10
Let x = 29 + -17. Let y be (9/x)/(1/324). Suppose 27 = u - 3*j, 25 + 56 = 3*u + 5*j. Calculate the greatest common factor of u and y.
27
Let k be 4/3*(-3)/(-2). Let o(v) = v**3 - v**2 + 1. Let s be o(k). Let d be s/10 - 3/(-6). What is the highest common factor of d and 5?
1
Suppose 8 = -7*h - 27. Let d be -12*(5/h + 0). What is the greatest common factor of 3 and d?
3
Suppose 11*s - 7653 = -85. Calculate the greatest common divisor of s and 16.
16
Let l be -1*(7 + -16) - (-2)/(-2). Calculate the highest common factor of 22 and l.
2
Let w(l) be the first derivative of -l**4/4 + 3*l**3 - 3*l**2 - 11*l - 5. Let z be w(9). Let a = z + 101. What is the greatest common factor of 12 and a?
12
Suppose -11*j + 13*j - 44 = 0. Calculate the greatest common factor of j and 1342.
22
Let s be 9/3*(-138)/9. Let d be (-6)/(-18) - s/6. Suppose 0 = -f - 2*j + 10, 2*f - 6 = 4*j + 6. What is the greatest common divisor of f and d?
8
Suppose 5*i + 2*u = 3*i + 10, -u = -3. Suppose 216 = 4*g + i*g. Calculate the highest common divisor of 288 and g.
36
Suppose 2*a - 9 = -a, 5*s - 714 = 2*a. Calculate the greatest common divisor of s and 18.
18
Let l(f) = 4*f**3 + f**2 + f + 1. Let q be l(-1). Let j be 2/((-4)/42*q). What is the greatest common factor of 7 and j?
7
Let b = -1 + 9. Let d(g) = -6*g - 4. Let f be d(b). Let u = 77 + f. Calculate the highest common divisor of 125 and u.
25
Let u(s) = 2*s**3 - 16*s**2 + 16*s + 7. Let d be u(7). Calculate the highest common divisor of d and 6.
3
Let j = 161 + -57. Let u(c) = c**3 - 8*c**2 - 8*c + 4. Let k(z) = -z + 11. Let i be k(2). Let l be u(i). Calculate the highest common divisor of j and l.
13
Let h be 9/3 - (-21 - 1). Suppose 3*a - 5*g = 11, -3*g + h = 2*g. Suppose 60 = l + l. What is the greatest common divisor of a and l?
6
Suppose -2*u + 31 = 3*w, -3*w + u + 82 - 57 = 0. Calculate the highest common divisor of 4 and w.
1
Let u be 0 + 11/(33/9). Suppose 4*d - 128 = y, 4*y - 2*y - 140 = -4*d. What is the greatest common factor of d and u?
3
Suppose -3*y + f = -149, -12*y + 5*f = -14*y + 88. What is the highest common divisor of y and 2597?
49
Let h(a) = a**3 - 5*a**2 + 3*a - 10. Let d be h(5). Suppose d*n = 4*f - 547, 562 = 4*f - 0*f - 2*n. Calculate the highest common divisor of f and 13.
13
Let v(i) = -175*i - 15. Let c be v(-1). Calculate the greatest common divisor of c and 140.
20
Let o(f) be the third derivative of 7*f**4/24 - 17*f**3/2 - 48*f**2. Let i be o(9). What is the greatest common divisor of i and 180?
12
Suppose 3 = 29*x - 28*x. Suppose 0 = -x*s + 5*w + 114, 2*s - 5*w = -w + 78. What is the greatest common divisor of s and 231?
33
Suppose -2*l + 74 = 5*j - 70, j - 22 = 3*l. Let o be 12/(-2) - (17 + -219). Calculate the greatest common divisor of o and j.
28
Suppose -76*l = -75*l - 41. Suppose 2*w + 0*o = 5*o + l, 4*o = -2*w + 32. What is the greatest common divisor of 162 and w?
18
Let i(x) = 3*x**2 + 2*x + 29. Let d be i(-4). What is the highest common factor of 69 and d?
69
Let o be (-4 - 55/(-15))*-18. Let w be (o/15)/((-2)/(-60)) - -3. Calculate the greatest common factor of 10 and w.
5
Let p be (1040/(-400))/(2 - 31/15). Calculate the greatest common divisor of p and 1131.
39
Suppose -4*l + 0*l = -4*p - 24, -3*p = 3*l - 48. Suppose 323 + 371 = 5*r + 2*a, r - 143 = a. Let y = r - 41. Calculate the greatest common divisor of y and l.
11
Suppose -62*j + 1629 = 17. Calculate the greatest common factor of 299 and j.
13
Let g be 4194/14 - (-3)/7. What is the highest common divisor of g and 120?
60
Let q(t) = -33*t + 45. Let l be q(-2). What is the highest common factor of 37 and l?
37
Suppose 18*a = 6*a + 7812. What is the greatest common factor of 62 and a?
31
Let a be 28/6*(54/(-21))/(-3). Suppose 4*q = -3*g + g - 2, 3*g = 4*q + 7. What is the greatest common factor of g and a?
1
Let b(q) = q**3 + 13*q**2 + 21*q - 7. Let v be b(-11). Let u be (-15)/(81/(-24) - (1 - v)). What is the greatest common factor of u and 8?
8
Let y(n) = 5*n**2 + 5*n + 20. Let j be y(-3). What is the highest common divisor of j and 10?
10
Let p = -25 - -29. Suppose -2*i - 2*i = -p, -c = 4*i - 